(-190).
3
Let w(d) = d**3 + 28*d**2 - 26*d + 146. What is w(-29)?
59
Let o(d) = -2*d**3 + d**2 + 8*d - 1. Determine o(0).
-1
Let b(f) = f**3 + 20*f**2 - 119*f - 281. What is b(-24)?
271
Let u(k) = 110*k**2 - 467*k + 467. What is u(1)?
110
Let r(p) = -p**2 + 25*p - 381. Determine r(11).
-227
Let l(a) = -349*a - 6670. Calculate l(-19).
-39
Let b(w) = -2*w**2 + 191*w + 111. Calculate b(96).
15
Let g(j) = -23*j - 70. What is g(-5)?
45
Let a(m) = 2*m**3 + 4*m**2 - m - 10. What is a(-5)?
-155
Let b(i) = -i**2 + 137*i + 714. Calculate b(-5).
4
Let h(x) = x**3 + 38*x**2 + 83*x - 69. What is h(-3)?
-3
Let i(b) = 2*b**2 + 1705*b - 2. Determine i(0).
-2
Let s(g) = 2*g**3 - 6*g**2 + 11*g - 4. Calculate s(4).
72
Let f(w) = -1087*w - 1093. Give f(-1).
-6
Let z(h) = 164*h**2 + 825*h + 31. Determine z(-5).
6
Let h(n) = -3*n**2 + 35*n - 22. Calculate h(22).
-704
Let j(h) = h**3 + 7*h**2 + 11*h + 14. Calculate j(-5).
9
Let a(n) = 1747*n - 151995. Determine a(87).
-6
Let n(v) = 29*v**2 - 30*v - 56. What is n(-2)?
120
Let i(j) = -j**3 - 8*j**2 + 1. Give i(-8).
1
Let y(o) = -o**2 - 46*o - 440. What is y(-14)?
8
Let z(s) = s**2 + 15*s - 91. Determine z(6).
35
Let x(l) = -l**3 + 5*l**2 + 3*l + 22. Calculate x(5).
37
Let m(g) = 311*g - 4. Determine m(0).
-4
Let o(m) = -23*m - 2. Give o(-18).
412
Let f(s) = 217*s - 1746. What is f(8)?
-10
Let i(p) = 2*p**2 + 2*p - 73. What is i(6)?
11
Let i(a) = -2*a**2 - 86*a - 326. Calculate i(-39).
-14
Let r(i) = i**3 + 22*i**2 + 25*i - 68. Determine r(-14).
1150
Let l(p) = p**3 - 25*p**2 - 161*p + 2137. Determine l(28).
-19
Let v(r) = 3*r**2 - 31*r + 33. Determine v(11).
55
Let f(m) = -13*m**3 - 3*m**2 + 3*m - 1. Determine f(2).
-111
Let c(y) = y**3 + 5*y**2 - 378*y + 79. Calculate c(17).
11
Let q(m) = 7*m - 135. Determine q(35).
110
Let x(q) = -2*q**2 + 54*q - 49. What is x(1)?
3
Let v(j) = 152*j - 19452. Calculate v(128).
4
Let b(c) = 10*c**2 - 750*c + 36. Calculate b(75).
36
Let m(w) = -145*w + 4418. Calculate m(30).
68
Let v(w) = w**3 + 11*w**2 - 3*w - 14. What is v(-9)?
175
Let i(h) = -2*h**3 - 43*h**2 + 30*h + 172. Calculate i(-22).
-4
Let u(h) = h**2 + 31*h + 179. Determine u(-25).
29
Let q(x) = 12*x**2 - 174*x + 175. Give q(1).
13
Let p(g) = 1407*g + 8476. Determine p(-6).
34
Let v(y) = 3*y**2 + 256*y - 2859. Calculate v(10).
1
Let l(h) = -184*h + 8977. What is l(49)?
-39
Let a(z) = 128*z + 1029. Determine a(-8).
5
Let v(o) = 213*o + 41104. What is v(-193)?
-5
Let y(s) = 2*s**3 + s**2 - 117*s + 215. Determine y(2).
1
Let y(z) = 3018*z - 108640. Give y(36).
8
Let i(b) = -111*b + 9307. Give i(83).
94
Let o(s) = -3*s**2 + 10*s - 32. Give o(6).
-80
Let k(s) = 89*s - 2303. Calculate k(26).
11
Let a(r) = r**3 + 31*r**2 - 276*r - 369. Calculate a(-38).
11
Let b(h) = -5*h**2 + 235*h - 2762. Determine b(24).
-2
Let i(a) = -a**3 + 32*a**2 + 478*a - 59. Give i(43).
156
Let l(d) = d**3 + 39*d**2 - 41*d - 151. Give l(-40).
-111
Let r(g) = 89*g + 167. Give r(-2).
-11
Let q(a) = -64*a - 17. Determine q(0).
-17
Let a(n) = -2*n**2 - n + 8. Determine a(2).
-2
Let n(a) = a**2 - 24*a - 181. Calculate n(33).
116
Let k(b) = -b**3 - 62*b**2 - 2*b - 283. Calculate k(-62).
-159
Let h(r) = 2331*r - 4666. Calculate h(2).
-4
Let d(q) = -12*q**2 - 303*q - 67. Calculate d(-25).
8
Let s(w) = 269*w - 431. Give s(2).
107
Let o(b) = b**3 - 9*b**2 - 25*b + 32. What is o(13)?
383
Let c(i) = 44*i - 1434. Give c(34).
62
Let s(d) = 2*d**3 + 35*d**2 + 124*d + 1814. Calculate s(-17).
-5
Let v(n) = 1709*n - 10282. Calculate v(6).
-28
Let h(c) = -26*c - 578. Determine h(-22).
-6
Let t(g) = g**3 - 20*g**2 - 71*g + 50. Determine t(23).
4
Let g(q) = 12*q**2 - 11*q + 34. Determine g(4).
182
Let o(q) = 2*q**2 - 49*q - 124. Determine o(-3).
41
Let u(b) = -794*b + 39735. Determine u(50).
35
Let c(g) = -g**2 + 13*g + 946. Give c(-25).
-4
Let v(z) = -z**2 + 37*z - 577. What is v(19)?
-235
Let m(w) = -3*w**2 - 5*w + 138. What is m(10)?
-212
Let j(q) = -q**3 - 43*q**2 - 440*q + 45. Give j(-26).
-7
Let i(c) = 18*c**2 + 496*c + 245. Calculate i(-27).
-25
Let l(y) = -y**2 + 17*y + 244. Give l(26).
10
Let z(g) = -g**3 + 11*g**2 - 34*g - 5. What is z(3)?
-35
Let z(c) = c**3 + 3*c**2 - c + 10. Calculate z(0).
10
Let j(q) = 8*q**3 - 6*q**2 - 23*q - 38. Calculate j(-2).
-80
Let u(l) = -l**3 - 6*l**2 - 25*l - 209. Calculate u(-7).
15
Let b(v) = -50*v - 1293. Give b(-26).
7
Let p(o) = -o**3 + 574*o + 53. Determine p(24).
5
Let p(j) = -2*j**2 + 67*j - 168. Determine p(31).
-13
Let q(l) = l**3 + 10*l**2 + 8*l - 7. Calculate q(-9).
2
Let r(u) = -262*u + 1305. Determine r(5).
-5
Let f(i) = -3*i**2 - 34*i + 1837. Determine f(-31).
8
Let z(h) = h**2 + 76*h - 2416. Calculate z(24).
-16
Let s(h) = -h**3 - 38*h**2 - 33*h + 23. What is s(-37)?
-125
Let n(s) = 767*s - 107377. What is n(140)?
3
Let u(g) = -112*g + 11764. What is u(105)?
4
Let s(l) = -44*l**3 - 8*l**2 + 13*l + 4. Give s(2).
-354
Let r(c) = 6*c**2 - 19*c - 20. What is r(7)?
141
Let c(g) = -3*g + 71. Determine c(33).
-28
Let n(h) = 2*h**3 + 54*h**2 + 47*h - 128. Determine n(-26).
2
Let x(c) = 5*c**2 + 27*c + 17. Calculate x(-4).
-11
Let m(v) = 45*v**2 - 16*v - 15. Give m(-1).
46
Let c(s) = -15*s**3 + 51*s**2 + 35*s - 5. Give c(4).
-9
Let d(p) = 293*p**2 - 25492*p + 89. What is d(87)?
2
Let y(p) = -150*p + 335. Calculate y(2).
35
Let j(a) = -78*a + 13. Give j(0).
13
Let t(n) = -27*n - 361. Give t(6).
-523
Let l(o) = 6*o**3 + 33*o**2 + 5*o - 25. Determine l(-6).
-163
Let l(a) = a**2 - 129*a + 2476. Determine l(23).
38
Let y(j) = j**2 - 23*j - 133. Give y(24).
-109
Let o(d) = -d**2 - 2466*d - 24549. Determine o(-10).
11
Let d(n) = 799*n - 806. Give d(1).
-7
Let d(t) = 13*t + 28. Determine d(-3).
-11
Let o(x) = x**3 + 47*x**2 - 373*x + 270. Calculate o(-54).
0
Let t(i) = -2*i**2 - 58*i - 53. Give t(-26).
103
Let a(r) = -r**3 + 2*r**2 - 17*r - 13. What is a(-3)?
83
Let b(c) = -99*c + 307. Determine b(5).
-188
Let l(j) = 563*j - 5636. Determine l(10).
-6
Let t(i) = -15*i**2 - 29*i - 79. Determine t(-4).
-203
Let j(q) = 885*q - 18589. Calculate j(21).
-4
Let x(n) = -17*n - 244. Give x(-13).
-23
Let o(c) = c**3 - 11*c**2 - 12*c + 48. Calculate o(11).
-84
Let d(l) = -l**3 + 16*l**2 - 49*l + 5. Give d(12).
-7
Let d(j) = -8*j**2 + 258*j + 31. Determine d(32).
95
Let q(g) = -11*g**2 + 180*g + 176. Calculate q(17).
57
Let c(z) = -11*z - 204. Calculate c(18).
-402
Let v(n) = -n**2 + 134*n - 2082. Calculate v(116).
6
Let p(o) = -44*o - 2151. Calculate p(-49).
5
Let n(l) = l**3 - 303*l**2 - 2473*l - 4665. Determine n(311).
0
Let b(p) = 3*p**2 + 12*p + 11. What is b(0)?
11
Let x(p) = -p**3 - 50*p**2 - 607*p + 42. Determine x(-21).
0
Let o(m) = m**3 + 18*m**2 + 40*m + 48. Calculate o(-13).
373
Let i(w) = -2*w**2 + 94*w + 382. Determine i(51).
-26
Let n(i) = i**3 - 8*i**2 + 13*i + 8. Calculate n(4).
-4
Let f(k) = 12*k**2 - 11*k - 83. What is f(3)?
-8
Let k(w) = 340*w**3 - 2*w**2 - 13*w + 15. Calculate k(1).
340
Let c(m) = m**2 - 153*m - 1130. Calculate c(160).
-10
Let t(r) = 4*r**2 - 419*r - 1391. What is t(108)?
13
Let t(a) = a**2 - 157*a + 1659. Calculate t(11).
53
Let g(o) = 47*o + 64. Calculate g(2).
158
Let s(y) = -2*y**3 + 28*y**2 - 184*y + 6. What is s(6)?
-522
Let g(d) = 28*d + 404. Give g(-14).
12
Let m(l) = 3*l**2 - 4*l - 20. What is m(7)?
99
Let q(y) = -704*y + 8444. Give q(12).
-4
Let y(s) = 2*s**2 - 109*s - 267. Determine y(57).
18
Let j(i) = -i**3 + 13*i**2 - 29*i + 155. Calculate j(12).
-49
Let l(a) = -a**3 - 17*a**2 + 10*a - 12. Give l(0).
-12
Let z(a) = 3*a**2 + 13*a + 124. Calculate z(-6).
154
Let a(i) = -8*i - 344. What is a(-43)?
0
Let s(c) = c**2 - 56*c - 333. What is s(61)?
-28
Let v(o) = 2*o**2 - 58*o + 28. Determine v(30).
88
Let y(g) = 2*g**3 + 12*g**2 - 181*g - 959. What is y(-5)?
-4
Let l(w) = -2*w**2 - 134*w. Determine l(-66).
132
Let m(d) = 41*d**2 + 202*d - 20. Determine m(-5).
-5
Let i(y) = y**3 + 9*y**2 - 706*y - 5044. Give i(-7).
-4
Let q(a) = 15*a**2 - 17*a - 138. Give q(-6).
504
Let q(r) = -2*r**3 + 24*r**2 - 56*r + 34. Give q(9).
16
Let i(b) = -43*b + 1316. Calculate i(35).
-189
Let z(a) = -9*a**2 - 27*a + 83. Give z(-5).
-7
Let m(c) = -91*c - 67. Determine m(-2).
115
Let x(m) = 187*m + 1396. Give x(-8).
-100
Let x(m) = 8*m + 15. Calculate x(4).
47
Let z(t) = 4*t**3 - 2*t**2 - 6*t + 15. What is z(2)?
27
Let f(l)